pose b + 4*b - 5*u = 7975, -2*b + 3190 = u. Suppose b = -3*r + 8*r. What is the highest common factor of r and 29?
29
Suppose -p = l - 9, -2*l - 12 = -3*p - p. Calculate the greatest common divisor of l and 32.
4
Let r(m) = -m**2 + 9*m + 50. Let t be r(0). What is the greatest common divisor of t and 10?
10
Let p = -3 + 5. Let i be (1 + 9)*20/50. Let k(d) = d**2 - 4*d + 8. Let w be k(i). What is the highest common factor of p and w?
2
Let t = 242 - 120. Let v = -96 + t. What is the greatest common divisor of 234 and v?
26
Suppose 4*x - 6*x + 4*l + 98 = 0, 3*x - 3*l = 162. Suppose -4*u = -3*g - 5*u + x, g - 22 = 2*u. Calculate the greatest common divisor of g and 180.
20
Suppose -29*q + 18*q + 176 = 0. What is the highest common factor of q and 464?
16
Suppose 2*n + 42 = 4*n. Let k = -39 - -38. Let m be n*((-20)/(-12) + k). What is the highest common factor of 35 and m?
7
Suppose -3*v - 2*o = -2*v, -v - 5 = 3*o. Suppose -389 = -v*k - 39. Calculate the highest common divisor of k and 7.
7
Let i(g) = g**3 + 8*g**2 + 11*g - 1. Let s be i(-5). Let t = s - 10. Calculate the greatest common factor of 6 and t.
3
Let p be 1/((-1)/(-99)*3). Let n = p + -6. Let j be n/(-2 + (-33)/(-12)). What is the highest common divisor of 9 and j?
9
Let f(c) = c**3 - 7*c**2 - 2*c - 12. Let m be f(8). What is the greatest common factor of m and 4?
4
Let o(r) = r**3 - 13*r**2 + 3*r + 7. Let i be o(13). Let m = 62 - i. Calculate the highest common divisor of m and 4.
4
Suppose -5*f = 2*b, 0 = 5*f - f - 4*b + 28. Let j be ((-3 - -1)/f)/1. Calculate the highest common divisor of j and 4.
1
Suppose 0*l = l. Suppose 0 = -2*o - 3*h + 14, 7 = o + 2*h - l*h. What is the highest common divisor of o and 1?
1
Suppose 5 + 7 = 3*h. Suppose m + 208 = h*m + 5*p, 3*m - 2*p = 236. Calculate the greatest common factor of 38 and m.
38
Suppose -4*i - 4*x = -8*x - 64, -4*x = 4. What is the greatest common factor of i and 3?
3
Suppose 7*s - 2*s - 20 = 0. Let g(d) = 6*d - 24. Let t be g(8). Suppose -s*n + 104 = -t. Calculate the greatest common divisor of n and 8.
8
Let j = 86 - 86. Let z be (-6 - -5) + (-2 - j) + 6. Calculate the greatest common factor of z and 27.
3
Suppose -5 - 15 = -4*f. Suppose f*i - 5*z = 0, 2*i + 3*z = 6*z - 2. What is the highest common factor of i and 2?
2
Let q(y) = y**3 + 10*y**2 + 7*y - 3. Let a(o) = o**3 + 4*o**2 + o - 3. Let r be a(-4). Let m be q(r). Calculate the greatest common factor of 38 and m.
19
Suppose 28*g - 9310 = 9*g. What is the greatest common divisor of g and 10?
10
Suppose 70 = 2*w - 0*w. Let s = 10 + w. Suppose 2*m - s = -3*m. Calculate the highest common factor of 18 and m.
9
Let c be ((-11)/(-33))/(-1) + 92/6. Let f(o) = -o**2 - 4*o + 5. Let q be f(-5). Suppose -b + c = -q*b. Calculate the greatest common factor of b and 45.
15
Let r(z) = -z + 9. Let m be 10*1*8/20. Let u be r(m). What is the highest common factor of 35 and u?
5
Let p be -9 - (-1 - 0/(-1)). Let b = p - -17. Suppose -2*y + 20 = 2*w, 4*w + b = -0*y + 3*y. Calculate the greatest common divisor of 14 and y.
7
Suppose -126 = -7*h + 203. Calculate the highest common divisor of 329 and h.
47
Suppose -4*f + 2*i + 2*i + 384 = 0, -f = 5*i - 90. What is the greatest common divisor of f and 20?
5
Let s(x) = -x + 27. Let v be s(9). Let l(r) = v*r - 4 + 0 - 6*r. Let j be l(5). What is the highest common divisor of 28 and j?
28
Let u be (11 + -3)/(24/54). What is the highest common divisor of 279 and u?
9
Let x(y) = -y**2 + 2*y + 5. Let s be x(0). Let o be (-2)/(-4) - (-1308)/24. What is the highest common factor of s and o?
5
Let o be (-24)/(-16)*(-30)/9 + 95. What is the greatest common factor of 5 and o?
5
Suppose -7*g - 6 = -4*g + 3*t, 5*t = -2*g - 4. Let d(j) = -j**3 - j + 11. Let n be d(0). Let z = g + n. Calculate the highest common divisor of z and 81.
9
Let i = -604 + 646. What is the highest common factor of 84 and i?
42
Suppose 0 = 3*o - 15, -28*f + 29*f = 4*o - 7. Suppose 2*n - 25 - 1 = 0. What is the highest common factor of f and n?
13
Suppose -458*s + 436*s + 2288 = 0. What is the greatest common divisor of s and 72?
8
Let k = -12213 - -12218. Suppose 2*m - 23 - 107 = 0. Calculate the greatest common divisor of m and k.
5
Let t be (-2)/(6/(-537)) - -1. Suppose 2*k - 100 = 34. Let f = k + -47. What is the greatest common divisor of t and f?
20
Let h be (11 + -4)*(-8)/(-14). Suppose -4 = 2*n + 4, n - h = -4*p. Suppose -8*y = -p*y - 540. Calculate the highest common factor of 36 and y.
18
Let m = -12 + 15. Suppose -a - 45 = -4*r, 4*r + 0*a - 39 = m*a. Suppose -427 = -13*b + 977. Calculate the highest common divisor of b and r.
12
Let p(b) = 13*b - 44. Let t be p(4). Calculate the greatest common factor of 4 and t.
4
Let z = 189 - 494. Suppose 5 = -2*h - 869. Let b = z - h. Calculate the highest common divisor of 12 and b.
12
Let j(v) = 2*v**2 + 2*v - 12. Let n = 29 - 23. Let h be j(n). What is the greatest common factor of 24 and h?
24
Suppose -6 = 2*n - 24. Let l(u) = u + 1. Let a be l(n). Let h be 12/(-20) - 156/(-10). What is the greatest common divisor of h and a?
5
Let j(r) = -r**2 + 8*r - 5. Let w be j(6). Let d be (-2)/(-1*(2 + -5 + 5)). What is the greatest common factor of d and w?
1
Let r(g) = -4*g - 28. Let j be r(-8). Suppose j*h - 2*q + q = 98, 94 = 4*h - 3*q. What is the greatest common factor of h and 10?
5
Let z(y) = 32*y**2 + 10*y - 5. Let c be z(2). What is the greatest common divisor of c and 55?
11
Suppose 66 = -6*t + 7*t. Calculate the greatest common factor of 242 and t.
22
Suppose 0 = -2*o + 8, -o - 29 - 79 = -2*l. Suppose -37*q + 2*q = -245. What is the greatest common factor of q and l?
7
Let n = 18 - -125. Suppose 4*u = 5*h + 17, -u - h = -2*h - 4. Suppose 130 = u*i + 7*i. Calculate the highest common factor of n and i.
13
Suppose -4*m + 688 - 188 = -2*i, 0 = 3*m + i - 355. Let c(o) = -o**3 - 3*o**2 - 5*o - 4. Let k be c(-3). What is the highest common factor of m and k?
11
Let u(c) = 10*c + 7 + 24*c + c**3 + 12*c**2 - 25*c. Let j be u(-11). What is the highest common factor of j and 232?
29
Let z be 13/3 + 3/(-9). Let y(o) = -o**2 + 5*o - 3. Let h be y(z). Let a be 132 + h*(5 + -2). What is the greatest common divisor of 15 and a?
15
Let w(c) = c**3 + 4*c**2 - 6*c + 1. Let b be w(-5). Let r = 965 + -961. What is the greatest common divisor of r and b?
2
Suppose -50*a + 10987 - 2045 = 142. Let v be 0 + (4 - 2) - -14. What is the highest common factor of a and v?
16
Let z(s) = -24*s - 30. Let b be z(-2). Calculate the highest common divisor of 558 and b.
18
Suppose a = -5*m + 3601, -3*a - 2*a = -3*m + 2155. Calculate the greatest common divisor of 60 and m.
60
Let t = -1 + 145. Let b(j) = -4*j - 20. Let v be b(-9). What is the greatest common factor of v and t?
16
Let d(l) = -l**3 + 11*l**2 - 16*l + 8. Let x be d(9). Let w = -19 + x. Calculate the highest common divisor of 2 and w.
1
Suppose -6*r - 216 = -r + 2*h, 2*h = 4*r + 180. Let s = r - -62. Let b = 8 + -2. What is the highest common factor of s and b?
6
Suppose -3*g = -2*g - 3, -5*v + 631 = -3*g. Calculate the highest common divisor of v and 16.
16
Let m be 1 - (-1)/(2/22). Suppose q + 5*s - 7 = 17, -q = 2*s - m. Let k be 222/27 + q/(-18). What is the greatest common divisor of k and 1?
1
Suppose 0 = 3*p + 113 - 5. Let h be (p/(-6))/(1 + 1). Calculate the highest common divisor of 24 and h.
3
Suppose 0 = -11*j - 3099 + 3462. What is the highest common factor of j and 1441?
11
Suppose 2*w + 44 - 116 = 0. Let v(k) = 49*k**2 - 2*k + 1. Let l be v(1). Suppose -4*m + l = 12. What is the highest common divisor of m and w?
9
Suppose -2*y = 0, m + m = 5*y + 300. Suppose 5*r - 165 = m. What is the highest common divisor of 21 and r?
21
Suppose d + 354 = o, 2*o - 3*d = 362 + 349. What is the highest common factor of o and 54?
27
Let o be ((-308)/(-6))/(-7)*-27. Calculate the greatest common divisor of 22 and o.
22
Let x be ((-21)/(-35))/((-3356)/840 - -4). Calculate the greatest common factor of 54 and x.
18
Let d be (-21)/42*(-2149 - -1). Calculate the greatest common divisor of 6 and d.
6
Suppose -9 = -3*j - 0*j. Let l be 87/(-27) + 6/27 + 15. Calculate the greatest common factor of l and j.
3
Suppose 20 + 4 = 3*g. Calculate the highest common divisor of g and 8.
8
Suppose 2*x + 230 = 260. Calculate t